{"id":427,"date":"2020-05-06T08:58:56","date_gmt":"2020-05-06T06:58:56","guid":{"rendered":"https:\/\/carnets.mylidin.fr\/?page_id=427"},"modified":"2021-01-27T10:57:17","modified_gmt":"2021-01-27T09:57:17","slug":"a-propos","status":"publish","type":"page","link":"https:\/\/carnets.mylidin.fr\/?page_id=427","title":{"rendered":"A propos"},"content":{"rendered":"\n<p>Gr\u00e9gory Lidin est n\u00e9 en 1975 \u00e0 Mulhouse. Le p\u00e8re journaliste et photographe ne l&rsquo;a pas pouss\u00e9 vers cette pratique mais lui a appris \u00e0 monter un film dans l&rsquo;appareil et indiqu\u00e9 certaines r\u00e8gles de prise de vue. Deux d&rsquo;entre elles : \u00ab\u00a0avance vers ton sujet\u00a0\u00bb, et \u00ab\u00a0pour un beau paysage, pr\u00e9f\u00e8re une carte postale\u00a0\u00bb. Un bouquin de Jean-Lou Sieff a finalis\u00e9 cette formation. Apr\u00e8s avoir s\u00e9journ\u00e9 en Allemagne (1999-2000), en Mongolie (2000-2003) et au Vietnam (2007-2012), Gr\u00e9gory vit aujourd&rsquo;hui en France \u00e0 Angers.<\/p>\n\n\n\n<blockquote class=\"wp-block-quote is-style-large is-layout-flow wp-block-quote-is-layout-flow\"><p>Je pratique la photographie depuis l&rsquo;adolescence, parfois fr\u00e9n\u00e9tiquement. Parfois aussi, l&rsquo;image me d\u00e9go\u00fbte et je ne produis plus aucune image pendant des mois.<\/p><p>J&rsquo;aime m&rsquo;impr\u00e9gner du lieu avant de photographier, parfois plusieurs mois. J&rsquo;aime la lumi\u00e8re en tant que mati\u00e8re, vibration, r\u00e9v\u00e9latrice de la complexit\u00e9 de la r\u00e9alit\u00e9. Mes axes de recherche sont : le portrait simple, les formes urbaines et la rupture dans la ville, le concept d&rsquo;objet et l&rsquo;objet outil, le paysage comme source de variation chromatique.<\/p><\/blockquote>\n\n\n\n<p><\/p>\n","protected":false},"excerpt":{"rendered":"<p>Gr\u00e9gory Lidin est n\u00e9 en 1975 \u00e0 Mulhouse. Le p\u00e8re journaliste et photographe ne l&rsquo;a pas pouss\u00e9 vers cette pratique mais lui a appris \u00e0 monter un film dans l&rsquo;appareil et indiqu\u00e9 certaines r\u00e8gles de prise de vue. Deux d&rsquo;entre elles : \u00ab\u00a0avance vers ton sujet\u00a0\u00bb, et \u00ab\u00a0pour un beau paysage, pr\u00e9f\u00e8re une carte postale\u00a0\u00bb.<\/p>\n<p class=\"more-link-wrapper\"><a href=\"https:\/\/carnets.mylidin.fr\/?page_id=427\" class=\"more-link\">Continue Reading<span class=\"screen-reader-text\"> \u00ab\u00a0A propos\u00a0\u00bb<\/span><\/a><\/p>\n","protected":false},"author":1,"featured_media":0,"parent":0,"menu_order":0,"comment_status":"closed","ping_status":"closed","template":"","meta":{"footnotes":""},"class_list":["post-427","page","type-page","status-publish","hentry"],"yoast_head":"<!-- This site is optimized with the Yoast SEO plugin v25.5 - https:\/\/yoast.com\/wordpress\/plugins\/seo\/ -->\n<title>A propos - Carnets photographiques<\/title>\n<meta name=\"robots\" content=\"index, follow, max-snippet:-1, max-image-preview:large, max-video-preview:-1\" \/>\n<link rel=\"canonical\" href=\"https:\/\/carnets.mylidin.fr\/?page_id=427\" \/>\n<meta property=\"og:locale\" content=\"fr_FR\" \/>\n<meta property=\"og:type\" content=\"article\" \/>\n<meta property=\"og:title\" content=\"A propos - Carnets photographiques\" \/>\n<meta property=\"og:description\" content=\"Gr\u00e9gory Lidin est n\u00e9 en 1975 \u00e0 Mulhouse. Le p\u00e8re journaliste et photographe ne l&rsquo;a pas pouss\u00e9 vers cette pratique mais lui a appris \u00e0 monter un film dans l&rsquo;appareil et indiqu\u00e9 certaines r\u00e8gles de prise de vue. Deux d&rsquo;entre elles : \u00ab\u00a0avance vers ton sujet\u00a0\u00bb, et \u00ab\u00a0pour un beau paysage, pr\u00e9f\u00e8re une carte postale\u00a0\u00bb.Continue Reading &quot;A propos&quot;\" \/>\n<meta property=\"og:url\" content=\"https:\/\/carnets.mylidin.fr\/?page_id=427\" \/>\n<meta property=\"og:site_name\" content=\"Carnets photographiques\" \/>\n<meta property=\"article:modified_time\" content=\"2021-01-27T09:57:17+00:00\" \/>\n<meta name=\"twitter:card\" content=\"summary_large_image\" \/>\n<meta name=\"twitter:label1\" content=\"Dur\u00e9e de lecture estim\u00e9e\" \/>\n\t<meta name=\"twitter:data1\" content=\"1 minute\" \/>\n<script type=\"application\/ld+json\" class=\"yoast-schema-graph\">{\"@context\":\"https:\/\/schema.org\",\"@graph\":[{\"@type\":\"WebPage\",\"@id\":\"https:\/\/carnets.mylidin.fr\/?page_id=427\",\"url\":\"https:\/\/carnets.mylidin.fr\/?page_id=427\",\"name\":\"A propos - Carnets photographiques\",\"isPartOf\":{\"@id\":\"https:\/\/carnets.mylidin.fr\/#website\"},\"datePublished\":\"2020-05-06T06:58:56+00:00\",\"dateModified\":\"2021-01-27T09:57:17+00:00\",\"breadcrumb\":{\"@id\":\"https:\/\/carnets.mylidin.fr\/?page_id=427#breadcrumb\"},\"inLanguage\":\"fr-FR\",\"potentialAction\":[{\"@type\":\"ReadAction\",\"target\":[\"https:\/\/carnets.mylidin.fr\/?page_id=427\"]}]},{\"@type\":\"BreadcrumbList\",\"@id\":\"https:\/\/carnets.mylidin.fr\/?page_id=427#breadcrumb\",\"itemListElement\":[{\"@type\":\"ListItem\",\"position\":1,\"name\":\"Accueil\",\"item\":\"https:\/\/carnets.mylidin.fr\/\"},{\"@type\":\"ListItem\",\"position\":2,\"name\":\"A propos\"}]},{\"@type\":\"WebSite\",\"@id\":\"https:\/\/carnets.mylidin.fr\/#website\",\"url\":\"https:\/\/carnets.mylidin.fr\/\",\"name\":\"Carnets photographiques\",\"description\":\"Gr\u00e9gory Lidin\",\"potentialAction\":[{\"@type\":\"SearchAction\",\"target\":{\"@type\":\"EntryPoint\",\"urlTemplate\":\"https:\/\/carnets.mylidin.fr\/?s={search_term_string}\"},\"query-input\":{\"@type\":\"PropertyValueSpecification\",\"valueRequired\":true,\"valueName\":\"search_term_string\"}}],\"inLanguage\":\"fr-FR\"}]}<\/script>\n<!-- \/ Yoast SEO plugin. -->","yoast_head_json":{"title":"A propos - Carnets photographiques","robots":{"index":"index","follow":"follow","max-snippet":"max-snippet:-1","max-image-preview":"max-image-preview:large","max-video-preview":"max-video-preview:-1"},"canonical":"https:\/\/carnets.mylidin.fr\/?page_id=427","og_locale":"fr_FR","og_type":"article","og_title":"A propos - Carnets photographiques","og_description":"Gr\u00e9gory Lidin est n\u00e9 en 1975 \u00e0 Mulhouse. Le p\u00e8re journaliste et photographe ne l&rsquo;a pas pouss\u00e9 vers cette pratique mais lui a appris \u00e0 monter un film dans l&rsquo;appareil et indiqu\u00e9 certaines r\u00e8gles de prise de vue. Deux d&rsquo;entre elles : \u00ab\u00a0avance vers ton sujet\u00a0\u00bb, et \u00ab\u00a0pour un beau paysage, pr\u00e9f\u00e8re une carte postale\u00a0\u00bb.Continue Reading \"A propos\"","og_url":"https:\/\/carnets.mylidin.fr\/?page_id=427","og_site_name":"Carnets photographiques","article_modified_time":"2021-01-27T09:57:17+00:00","twitter_card":"summary_large_image","twitter_misc":{"Dur\u00e9e de lecture estim\u00e9e":"1 minute"},"schema":{"@context":"https:\/\/schema.org","@graph":[{"@type":"WebPage","@id":"https:\/\/carnets.mylidin.fr\/?page_id=427","url":"https:\/\/carnets.mylidin.fr\/?page_id=427","name":"A propos - Carnets photographiques","isPartOf":{"@id":"https:\/\/carnets.mylidin.fr\/#website"},"datePublished":"2020-05-06T06:58:56+00:00","dateModified":"2021-01-27T09:57:17+00:00","breadcrumb":{"@id":"https:\/\/carnets.mylidin.fr\/?page_id=427#breadcrumb"},"inLanguage":"fr-FR","potentialAction":[{"@type":"ReadAction","target":["https:\/\/carnets.mylidin.fr\/?page_id=427"]}]},{"@type":"BreadcrumbList","@id":"https:\/\/carnets.mylidin.fr\/?page_id=427#breadcrumb","itemListElement":[{"@type":"ListItem","position":1,"name":"Accueil","item":"https:\/\/carnets.mylidin.fr\/"},{"@type":"ListItem","position":2,"name":"A propos"}]},{"@type":"WebSite","@id":"https:\/\/carnets.mylidin.fr\/#website","url":"https:\/\/carnets.mylidin.fr\/","name":"Carnets photographiques","description":"Gr\u00e9gory Lidin","potentialAction":[{"@type":"SearchAction","target":{"@type":"EntryPoint","urlTemplate":"https:\/\/carnets.mylidin.fr\/?s={search_term_string}"},"query-input":{"@type":"PropertyValueSpecification","valueRequired":true,"valueName":"search_term_string"}}],"inLanguage":"fr-FR"}]}},"_links":{"self":[{"href":"https:\/\/carnets.mylidin.fr\/index.php?rest_route=\/wp\/v2\/pages\/427","targetHints":{"allow":["GET"]}}],"collection":[{"href":"https:\/\/carnets.mylidin.fr\/index.php?rest_route=\/wp\/v2\/pages"}],"about":[{"href":"https:\/\/carnets.mylidin.fr\/index.php?rest_route=\/wp\/v2\/types\/page"}],"author":[{"embeddable":true,"href":"https:\/\/carnets.mylidin.fr\/index.php?rest_route=\/wp\/v2\/users\/1"}],"replies":[{"embeddable":true,"href":"https:\/\/carnets.mylidin.fr\/index.php?rest_route=%2Fwp%2Fv2%2Fcomments&post=427"}],"version-history":[{"count":5,"href":"https:\/\/carnets.mylidin.fr\/index.php?rest_route=\/wp\/v2\/pages\/427\/revisions"}],"predecessor-version":[{"id":534,"href":"https:\/\/carnets.mylidin.fr\/index.php?rest_route=\/wp\/v2\/pages\/427\/revisions\/534"}],"wp:attachment":[{"href":"https:\/\/carnets.mylidin.fr\/index.php?rest_route=%2Fwp%2Fv2%2Fmedia&parent=427"}],"curies":[{"name":"wp","href":"https:\/\/api.w.org\/{rel}","templated":true}]}}

<p>Grégory Lidin est né en 1975 à Mulhouse. Le père journaliste et photographe ne l&rsquo;a pas poussé vers cette pratique mais lui a appris à monter un film dans l&rsquo;appareil et indiqué certaines règles de prise de vue. Deux d&rsquo;entre elles : « avance vers ton sujet », et « pour un beau paysage, préfère une carte postale ». Un bouquin de Jean-Lou Sieff a finalisé cette formation. Après avoir séjourné en Allemagne (1999-2000), en Mongolie (2000-2003) et au Vietnam (2007-2012), Grégory vit aujourd&rsquo;hui en France à Angers.</p>



<blockquote class="wp-block-quote is-style-large is-layout-flow wp-block-quote-is-layout-flow"><p>Je pratique la photographie depuis l&rsquo;adolescence, parfois frénétiquement. Parfois aussi, l&rsquo;image me dégoûte et je ne produis plus aucune image pendant des mois.</p><p>J&rsquo;aime m&rsquo;imprégner du lieu avant de photographier, parfois plusieurs mois. J&rsquo;aime la lumière en tant que matière, vibration, révélatrice de la complexité de la réalité. Mes axes de recherche sont : le portrait simple, les formes urbaines et la rupture dans la ville, le concept d&rsquo;objet et l&rsquo;objet outil, le paysage comme source de variation chromatique.</p></blockquote>



<p></p>

<p>Grégory Lidin est né en 1975 à Mulhouse. Le père journaliste et photographe ne l&rsquo;a pas poussé vers cette pratique mais lui a appris à monter un film dans l&rsquo;appareil et indiqué certaines règles de prise de vue. Deux d&rsquo;entre elles : « avance vers ton sujet », et « pour un beau paysage, préfère une carte postale ».</p>
<p class="more-link-wrapper"><a href="https://carnets.mylidin.fr/?page_id=427" class="more-link">Continue Reading<span class="screen-reader-text"> « A propos »</span></a></p>

<!-- This site is optimized with the Yoast SEO plugin v25.5 - https://yoast.com/wordpress/plugins/seo/ -->
<title>A propos - Carnets photographiques</title>
<meta name="robots" content="index, follow, max-snippet:-1, max-image-preview:large, max-video-preview:-1" />
<link rel="canonical" href="https://carnets.mylidin.fr/?page_id=427" />
<meta property="og:locale" content="fr_FR" />
<meta property="og:type" content="article" />
<meta property="og:title" content="A propos - Carnets photographiques" />
<meta property="og:description" content="Grégory Lidin est né en 1975 à Mulhouse. Le père journaliste et photographe ne l&rsquo;a pas poussé vers cette pratique mais lui a appris à monter un film dans l&rsquo;appareil et indiqué certaines règles de prise de vue. Deux d&rsquo;entre elles : « avance vers ton sujet », et « pour un beau paysage, préfère une carte postale ».Continue Reading &quot;A propos&quot;" />
<meta property="og:url" content="https://carnets.mylidin.fr/?page_id=427" />
<meta property="og:site_name" content="Carnets photographiques" />
<meta property="article:modified_time" content="2021-01-27T09:57:17+00:00" />
<meta name="twitter:card" content="summary_large_image" />
<meta name="twitter:label1" content="Durée de lecture estimée" />
	<meta name="twitter:data1" content="1 minute" />
<script type="application/ld+json" class="yoast-schema-graph">{"@context":"https://schema.org","@graph":[{"@type":"WebPage","@id":"https://carnets.mylidin.fr/?page_id=427","url":"https://carnets.mylidin.fr/?page_id=427","name":"A propos - Carnets photographiques","isPartOf":{"@id":"https://carnets.mylidin.fr/#website"},"datePublished":"2020-05-06T06:58:56+00:00","dateModified":"2021-01-27T09:57:17+00:00","breadcrumb":{"@id":"https://carnets.mylidin.fr/?page_id=427#breadcrumb"},"inLanguage":"fr-FR","potentialAction":[{"@type":"ReadAction","target":["https://carnets.mylidin.fr/?page_id=427"]}]},{"@type":"BreadcrumbList","@id":"https://carnets.mylidin.fr/?page_id=427#breadcrumb","itemListElement":[{"@type":"ListItem","position":1,"name":"Accueil","item":"https://carnets.mylidin.fr/"},{"@type":"ListItem","position":2,"name":"A propos"}]},{"@type":"WebSite","@id":"https://carnets.mylidin.fr/#website","url":"https://carnets.mylidin.fr/","name":"Carnets photographiques","description":"Grégory Lidin","potentialAction":[{"@type":"SearchAction","target":{"@type":"EntryPoint","urlTemplate":"https://carnets.mylidin.fr/?s={search_term_string}"},"query-input":{"@type":"PropertyValueSpecification","valueRequired":true,"valueName":"search_term_string"}}],"inLanguage":"fr-FR"}]}</script>
<!-- / Yoast SEO plugin. -->

Grégory Lidin est né en 1975 à Mulhouse. Le père journaliste et photographe ne l&rsquo;a pas poussé vers cette pratique mais lui a appris à monter un film dans l&rsquo;appareil et indiqué certaines règles de prise de vue. Deux d&rsquo;entre elles : « avance vers ton sujet », et « pour un beau paysage, préfère une carte postale ».Continue Reading "A propos"

Grégory Lidin
